. Determine y(-29).
100
Let z(g) = -g**2 + g + 20. Give z(0).
20
Let b(k) = k**3 + 2*k**2 - 2*k - 5. What is b(-4)?
-29
Let k(w) = -6*w. Determine k(3).
-18
Let d(i) = -i**3 - 15*i**2 - i - 13. Determine d(-15).
2
Let m(n) = n**2 - 3*n - 17. Give m(8).
23
Let y(l) = 2*l + 61. What is y(-34)?
-7
Let l(y) = y**3 + 2*y**2 + y - 3. Determine l(-2).
-5
Let m(t) = t - 21. Calculate m(10).
-11
Let w(y) = -7*y - 83. Determine w(-12).
1
Let x(a) = 7*a - 68. Calculate x(16).
44
Let r(k) = -19*k + 1. What is r(-3)?
58
Let b(c) = -4*c - 2. Give b(-2).
6
Let o(w) = w**3 - 8*w**2 + 4*w + 13. Calculate o(7).
-8
Let x(m) = 3*m + 58. Give x(-14).
16
Let i(r) = r**2 + 5*r - 6. Determine i(-7).
8
Let u(d) = -5*d + 29. What is u(7)?
-6
Let w(n) = n**3 + 5*n**2 - 17*n - 27. What is w(-7)?
-6
Let q(v) = v**2 - 20*v + 34. Calculate q(10).
-66
Let o(a) = 2*a**2 - 26*a - 1. What is o(14)?
27
Let n(r) = r**3 - 6*r**2 - 12*r + 38. Calculate n(7).
3
Let w(b) = -b**2 + 8*b + 4. What is w(6)?
16
Let s(c) = -6*c**2 + 36*c + 3. Give s(6).
3
Let m(b) = b - 4. What is m(1)?
-3
Let z(y) = -8*y + 2. Determine z(6).
-46
Let z(v) = -v**2 + 8*v + 8. What is z(8)?
8
Let a(x) = x - 5. Calculate a(-1).
-6
Let y(c) = -c**3 + 23*c**2 - 25*c + 39. Determine y(22).
-27
Let p(x) = x**2 - x + 1. Determine p(0).
1
Let t(x) = -x**3 + 7*x**2 + 8*x - 4. Give t(7).
52
Let n(k) = -k**3 + 8*k**2 - 8*k + 8. Calculate n(7).
1
Let k(f) = -15*f - 186. Give k(-12).
-6
Let j(u) = u**3 - 21*u**2 - 51*u + 115. Give j(23).
0
Let i(g) = -g**2 + 11*g + 11. Give i(12).
-1
Let g(c) = -2*c**3 - c**2 + c - 3. Calculate g(3).
-63
Let i(p) = p**2 - 9*p - 220. What is i(-11)?
0
Let z(t) = t**2 - 16*t + 47. What is z(12)?
-1
Let j(a) = -2*a**3 + 3*a**2 + 128. Calculate j(0).
128
Let l(t) = -8*t - 65. Determine l(-5).
-25
Let q(j) = 9*j**2 + 24*j + 1. Calculate q(-3).
10
Let g(m) = 5*m**3 - m**2 + 2*m + 3. Determine g(-2).
-45
Let t(s) = s**3 + 12*s**2 - 12*s + 11. Give t(-13).
-2
Let s(g) = 3*g - 5. What is s(-2)?
-11
Let p(o) = -4*o**2 - 9*o + 2. Give p(-3).
-7
Let w(h) = -h**3 + 26*h**2 + 25*h + 59. What is w(27)?
5
Let d(r) = r**2 + 22*r + 27. What is d(-21)?
6
Let s(j) = j**3 + 7*j**2 + 5*j - 5. Give s(-6).
1
Let c(n) = -7*n**3 - 2*n**2 + 3*n - 2. Determine c(1).
-8
Let s(c) = 2*c**2 + 5*c + 1. What is s(-5)?
26
Let j(m) = -m**2 + 10*m - 11. Calculate j(10).
-11
Let w(i) = -2*i**3 - 16*i**2 - 14*i - 3. Give w(-7).
-3
Let c(g) = -8*g**2 + 112*g + 7. Give c(14).
7
Let s(o) = o**2 + 18*o - 19. Calculate s(-19).
0
Let c(y) = -9*y**2 - y - 1. Calculate c(-1).
-9
Let l(p) = 8*p - 22. What is l(4)?
10
Let d(m) = -m - 4. Give d(2).
-6
Let n(k) = -10*k**2 - 2*k - 1. Determine n(-1).
-9
Let a(q) = -q**3 - 34*q**2 + q + 21. What is a(-34)?
-13
Let x(f) = -f**2 + f + 1. Determine x(0).
1
Let b(o) = 3*o**2 - 28*o + 67. Give b(4).
3
Let j(t) = -t - 14. Give j(-13).
-1
Let l(n) = -2*n**2 - 12*n + 2. Calculate l(-7).
-12
Let t(l) = -4*l**3 + 18*l**2 - 5*l + 1. Give t(4).
13
Let o(x) = -3*x**2 + 19*x - 18. Determine o(7).
-32
Let h(u) = -u**2 + 13*u - 33. Calculate h(10).
-3
Let z(s) = -6*s**2 - 5*s - 2. Calculate z(-2).
-16
Let c(m) = 25*m**2 - 1. Calculate c(1).
24
Let f(g) = g**3 - 6*g**2 - 4*g. What is f(-3)?
-69
Let u(x) = -2*x - 10. Give u(-6).
2
Let x(l) = l**3 - 14*l**2 + 31*l + 13. Determine x(11).
-9
Let w(n) = 3*n**2 + 35*n + 24. Give w(-11).
2
Let k(i) = -6*i - 33. What is k(-6)?
3
Let r(u) = -u - 4. Give r(-9).
5
Let z(i) = -i**3 - 10*i**2 + 26*i + 14. What is z(-12)?
-10
Let z(v) = -v**2 - v - 2. What is z(-7)?
-44
Let c(a) = -2*a**3 - a**2 + 12*a + 30. What is c(-4)?
94
Let i(n) = -74*n + 2444. Give i(33).
2
Let k(r) = 9*r - 51. What is k(5)?
-6
Let b(s) = -7*s + 38. Calculate b(6).
-4
Let j(t) = -17*t + 35. Determine j(2).
1
Let v(f) = 6*f**2 + 29*f - 7. Give v(-5).
-2
Let b(y) = 3*y**2 + 12*y + 9. What is b(-4)?
9
Let s(o) = o**3 - 14*o**2 - 15*o - 7. Give s(15).
-7
Let r(k) = 2*k**3 + 4*k**2 + 2*k + 3. Calculate r(-3).
-21
Let f(s) = -s**3 + 5*s**2 + 5*s + 14. Give f(6).
8
Let f(x) = x**3 + 20*x**2 - 20*x - 8. Calculate f(-21).
-29
Let w(o) = o**3 - 7*o**2 + 13*o - 8. Calculate w(4).
-4
Let g(m) = m**2 - 25*m - 6. What is g(25)?
-6
Let d(g) = -2*g**3 + 4*g**2 - 6*g + 15. What is d(3)?
-21
Let n(q) = 34*q + 157. Give n(-6).
-47
Let f(h) = -h**3 - h**2 - h. What is f(0)?
0
Let g(u) = u**3 - 6*u**2 + 3*u + 1. Calculate g(4).
-19
Let m(h) = -2*h**2 - 11*h - 18. Determine m(-6).
-24
Let f(y) = -y**3 - 7*y**2 + 2*y + 8. Determine f(-6).
-40
Let s(c) = c**2 - 15*c + 2. Give s(15).
2
Let j(q) = -q**2 + 28*q + 208. Determine j(34).
4
Let o(v) = 10*v**3 + v**2 + v. What is o(-1)?
-10
Let a(f) = -f + 14. Calculate a(0).
14
Let i(h) = h**3 + 15*h**2 + 9*h - 48. Determine i(-14).
22
Let p(k) = 2*k**2 - 5*k + 6. Determine p(1).
3
Let m(l) = -34*l + 130. Determine m(4).
-6
Let k(x) = x**2 + 12*x + 15. Determine k(-10).
-5
Let c(g) = -g**3 + 5*g**2 + 8*g - 12. Calculate c(6).
0
Let x(z) = 2*z**3 - 25*z**2 - 45*z + 30. What is x(14)?
-12
Let h(s) = 21*s + 42. Determine h(-5).
-63
Let b(y) = -2*y + 7. Determine b(-7).
21
Let h(c) = c**3 + 24*c**2 - 32*c - 157. Give h(-25).
18
Let i(d) = 2*d - 40. Determine i(17).
-6
Let i(a) = 3*a**3 + a**2 - 3*a + 2. Determine i(1).
3
Let g(q) = 2*q**3 + 64*q**2 - 67*q - 39. What is g(-33)?
-6
Let z(a) = -2*a**2 + 57*a - 22. Give z(28).
6
Let p(v) = 2*v - 6. What is p(-3)?
-12
Let m(k) = -k**3 + 9*k**2 - 2*k + 12. Determine m(9).
-6
Let a(b) = -2*b**2 - b - 1. Calculate a(-1).
-2
Let m(w) = -3*w - 4. Calculate m(-3).
5
Let y(h) = -46*h - 223. Calculate y(-5).
7
Let z(v) = v + 21. Give z(-16).
5
Let b(a) = 2*a**2 - 4*a + 1. What is b(5)?
31
Let t(f) = 2*f**2 - 11*f - 12. What is t(7)?
9
Let b(j) = 34*j - 20. Give b(1).
14
Let b(z) = 2*z + 11. Calculate b(-6).
-1
Let x(k) = -k**2 - k + 7. What is x(6)?
-35
Let r(x) = 6*x - 46. What is r(10)?
14
Let q(m) = m**2 + 13*m - 66. Determine q(-16).
-18
Let c(n) = 5*n - 33. What is c(5)?
-8
Let o(j) = j**3 - 12*j**2 + 6*j + 7. What is o(11)?
-48
Let s(u) = 2*u**2 - 20*u - 20. What is s(11)?
2
Let d(m) = -10*m - 27. Determine d(-4).
13
Let m(j) = -j**3 - 15*j**2 - 16*j - 16. Calculate m(-14).
12
Let i(s) = -s**3 + 4*s**2 - 7*s - 1. Determine i(2).
-7
Let k(u) = u**3 - u**2 - 5*u - 6. Calculate k(-3).
-27
Let f(m) = -m**3 + m**2 + m - 3. What is f(-2)?
7
Let d(k) = k**3 + 8*k**2 + 8*k - 16. What is d(-7)?
-23
Let x(g) = 2*g + 6. Determine x(0).
6
Let t(k) = -26*k + 155. Determine t(6).
-1
Let d(l) = -3*l**2 + 50*l - 18. Determine d(16).
14
Let c(d) = -d - 5. Determine c(-4).
-1
Let r(t) = -18*t + 122. Calculate r(10).
-58
Let r(j) = -j**3 - 9*j**2 + 8*j - 13. Give r(-10).
7
Let r(p) = -2*p**2 - 83*p - 111. Determine r(-40).
9
Let k(y) = 2*y**3 + y**2 - 3*y + 2. Calculate k(1).
2
Let j(a) = -2*a**3 - 28*a**2 - 70*a - 37. Calculate j(-11).
7
Let g(y) = -2*y**3 - 2*y**2 + 2*y - 1. Give g(3).
-67
Let n(r) = 3*r**2 - 9*r - 12. Give n(4).
0
Let k(s) = -s**3 - 5*s**2 - 5*s - 1. Give k(-4).
3
Let z(v) = v**3 - 6*v**2 - 10*v + 12. Give z(7).
-9
Let s(d) = -3*d**3 - d**2 + 3*d + 2. What is s(-2)?
16
Let w(l) = 76*l**2 + 2. Determine w(1).
78
Let x(r) = -r**3 + 6*r**2 - 7*r. Calculate x(5).
-10
Let h(a) = -25*a + 6. What is h(6)?
-144
Let o(w) = -w**3 + 13*w**2 - 33*w + 16. Determine o(10).
-14
Let m(v) = 2*v**2 - 30*v + 22. Calculate m(13).
-30
Let p(z) = 5*z**3 + 4*z**2 + 2*z - 2. What is p(-1)?
-5
Let l(r) = 2*r**2 - 40*r - 109. Calculate l(23).
29
Let h(u) = 2*u**2 + 14*u + 23. Calculate h(-11).
111
Let o(z) = -3*z**3 - 2*z**2 + z + 1. Determine o(1).
-3
Let n(q) = -q**3 - 19*q**2 + 64*q - 46. Give n(-22).
-2
Let l(b) = 75*b**2 - 2*b - 2. Calculate l(-1).
75
Let k(h) = h**2 - 3*h - 2. Calculate k(4).
2
Let f(c) = c**3 - 16*c**2 + 14*c + 7. Calculate f(15).
-8
Let o(g) = g**2 + 32*g + 102. Give o(-4).
-10
Let c(r) = r**3 + 2*r**2 - 5*r + 4. Determine c(3).
34
Let v(y) = -2*y**2 + 41*y + 55. Give v(22).
-11
Let a(m) = m**3 - 9*m**2 + m - 12. Calculate a(9).
-3
Let q(y) = -y - 27. Determine q(-21).
-6
Let d(j) = -11*j + 14. Determine d(7).
-63
Let g(f) = 14*f - 49. Determine g(8).
63
Let a(i) = 8*i + 18. Calculate a(-3).
-6
Let b(i) = 2*i**2 - 2*i + 82. Determine b(0).
82
Let j(b) = -b - 5. What is j(6)?
-11
Let u(k) = -3*k**2 - 13*k - 4. Calculate u(-4).
0
Let 